{"id":25,"date":"2013-02-08T14:20:49","date_gmt":"2013-02-08T12:20:49","guid":{"rendered":"http:\/\/www.gm-games.de\/BeidlNetV3\/?page_id=25"},"modified":"2022-11-25T19:41:51","modified_gmt":"2022-11-25T18:41:51","slug":"owv-beidl","status":"publish","type":"page","link":"http:\/\/www.gm-games.de\/BeidlNetV3\/?page_id=25","title":{"rendered":"OWV Beidl"},"content":{"rendered":"\n<p><strong>Gr\u00fcndung und Entwicklung<\/strong><\/p>\n\n\n\n<p>Als einen Vorl\u00e4ufer mu\u00df man den 1970 gegr\u00fcndeten Heimatverein Beidl ansehen, der sich die Ortsversch\u00f6nerung zum Ziel gesetzt hatte. Er hatte auch schon Aktivit\u00e4ten entwickelt und z. B. einige Ruheb\u00e4nke aufgestellt. Bald aber stellte dieser Verein seine T\u00e4tigkeiten wieder ein.<\/p>\n\n\n\n<p>Die Gr\u00fcndung des Zweigvereins Beidl wurde aber durch eine Versammlung, die am 4.5.1974 vom OWV-Zweigverein Pl\u00f6\u00dfberg im Gasthaus H\u00f6cht anberaumt war, eingeleitet. Bei dieser Zusammenkunft erl\u00e4uterten der damalige Pl\u00f6\u00dfberger OWV-Vorsitzende Helmut Horn und der stellvertretende Hauptvorsitzende Hermann He\u00df die Zielsetzungen und die Arbeit im OWV. Sie bef\u00fcrworteten auch die Gr\u00fcndung eines eigenst\u00e4ndigen Zweigvereins in Beidl und nicht die Schaffung eines St\u00fctzpunkts von Pl\u00f6\u00dfberg aus, wie dies im Jahr vorher in Wildenau geschehen war. An diesem Tag erkl\u00e4rten sich elf Heimatfreunde zur Mitarbeit im OWV bereit. In ein vorbereitendes Gremium f\u00fcr eine offizielle Gr\u00fcndungsversammlung wurden Adalbert Busl, Alois Kraus, Franz Tri\u00dfl, Siegmund Vollath, Alois Wei\u00df und Josef Zahn gew\u00e4hlt.<\/p>\n\n\n\n<p>\u00dcber die Gr\u00fcndungsversammlung am 9.8.1974 berichtete<\/p>\n\n\n\n<p>\u201eDer neue Tag\u201c vom 13.8.1974:<\/p>\n\n\n\n<p>Beidl. (m) lm Gasthaus H\u00f6cht Josef fand am Freitag eine Versammlung des OWV zur Gr\u00fcndung eines Zweigvereines statt. Adalbert Busl konnte als Hauptreferenten Dr. August Lindner vom Hauptverein sowie dessen Gesch\u00e4ftsf\u00fchrer Zimmermann und Hauptkassier R\u00f6der begr\u00fc\u00dfen, ferner vom OWV-Pl\u00f6\u00dfberg Helmut Horn und Hans Weig, B\u00fcrgermeister Carl M\u00fcnchmeier, Marktr\u00e4te, Kreisheimatpfleger Franz Busl, OL Alfred B\u00f6ckl sowie die Stubenmusi und die Gesangs- und Jugendgruppe des OWV Pl\u00f6\u00dfberg.<\/p>\n","protected":false},"excerpt":{"rendered":"<p>Gr\u00fcndung und Entwicklung Als einen Vorl\u00e4ufer mu\u00df man den 1970 gegr\u00fcndeten Heimatverein Beidl ansehen, der sich die Ortsversch\u00f6nerung zum Ziel gesetzt hatte. Er hatte auch &hellip;<\/p>\n","protected":false},"author":1,"featured_media":0,"parent":20,"menu_order":0,"comment_status":"closed","ping_status":"open","template":"","meta":{"ngg_post_thumbnail":0,"footnotes":""},"class_list":["post-25","page","type-page","status-publish","hentry"],"_links":{"self":[{"href":"http:\/\/www.gm-games.de\/BeidlNetV3\/index.php?rest_route=\/wp\/v2\/pages\/25","targetHints":{"allow":["GET"]}}],"collection":[{"href":"http:\/\/www.gm-games.de\/BeidlNetV3\/index.php?rest_route=\/wp\/v2\/pages"}],"about":[{"href":"http:\/\/www.gm-games.de\/BeidlNetV3\/index.php?rest_route=\/wp\/v2\/types\/page"}],"author":[{"embeddable":true,"href":"http:\/\/www.gm-games.de\/BeidlNetV3\/index.php?rest_route=\/wp\/v2\/users\/1"}],"replies":[{"embeddable":true,"href":"http:\/\/www.gm-games.de\/BeidlNetV3\/index.php?rest_route=%2Fwp%2Fv2%2Fcomments&post=25"}],"version-history":[{"count":4,"href":"http:\/\/www.gm-games.de\/BeidlNetV3\/index.php?rest_route=\/wp\/v2\/pages\/25\/revisions"}],"predecessor-version":[{"id":2170,"href":"http:\/\/www.gm-games.de\/BeidlNetV3\/index.php?rest_route=\/wp\/v2\/pages\/25\/revisions\/2170"}],"up":[{"embeddable":true,"href":"http:\/\/www.gm-games.de\/BeidlNetV3\/index.php?rest_route=\/wp\/v2\/pages\/20"}],"wp:attachment":[{"href":"http:\/\/www.gm-games.de\/BeidlNetV3\/index.php?rest_route=%2Fwp%2Fv2%2Fmedia&parent=25"}],"curies":[{"name":"wp","href":"https:\/\/api.w.org\/{rel}","templated":true}]}}