{"id":4363,"date":"2025-12-30T21:27:48","date_gmt":"2025-12-30T20:27:48","guid":{"rendered":"http:\/\/www.gm-games.de\/BeidlNetV3\/?page_id=4363"},"modified":"2026-03-24T22:39:50","modified_gmt":"2026-03-24T21:39:50","slug":"125-jahre-ffw-beidl-bekanntmachungen","status":"publish","type":"page","link":"http:\/\/www.gm-games.de\/BeidlNetV3\/?page_id=4363","title":{"rendered":"125 Jahre FFW Beidl: Bekanntmachungen"},"content":{"rendered":"\n<p class=\"has-normal-font-size\"><strong>Hier finden Sie wichtige Informationen und Bekanntmachungen zur Jubil\u00e4umsfeier der FFW Beidl.<\/strong><\/p>\n\n\n\n<hr class=\"wp-block-separator has-alpha-channel-opacity is-style-wide\"\/>\n\n\n\n<p class=\"has-larger-font-size\"><strong>Festausschuss<\/strong><\/p>\n\n\n\n<p>Lernen Sie den Festausschuss der 125-Jahr-Feier der FFW-Beidl kennen:<\/p>\n\n\n\n<figure class=\"wp-block-image size-large\"><a href=\"http:\/\/www.gm-games.de\/BeidlNetV3\/wp-content\/uploads\/2026\/01\/A7401565-scaled.jpg\"><img loading=\"lazy\" decoding=\"async\" width=\"1024\" height=\"683\" src=\"http:\/\/www.gm-games.de\/BeidlNetV3\/wp-content\/uploads\/2026\/01\/A7401565-1024x683.jpg\" alt=\"\" class=\"wp-image-4505\" srcset=\"http:\/\/www.gm-games.de\/BeidlNetV3\/wp-content\/uploads\/2026\/01\/A7401565-1024x683.jpg 1024w, http:\/\/www.gm-games.de\/BeidlNetV3\/wp-content\/uploads\/2026\/01\/A7401565-300x200.jpg 300w, http:\/\/www.gm-games.de\/BeidlNetV3\/wp-content\/uploads\/2026\/01\/A7401565-768x512.jpg 768w, http:\/\/www.gm-games.de\/BeidlNetV3\/wp-content\/uploads\/2026\/01\/A7401565-1536x1024.jpg 1536w, http:\/\/www.gm-games.de\/BeidlNetV3\/wp-content\/uploads\/2026\/01\/A7401565-2048x1365.jpg 2048w, http:\/\/www.gm-games.de\/BeidlNetV3\/wp-content\/uploads\/2026\/01\/A7401565-421x281.jpg 421w\" sizes=\"auto, (max-width: 1024px) 100vw, 1024px\" \/><\/a><\/figure>\n\n\n\n<p>Von links nach rechts:&nbsp;<\/p>\n\n\n\n<p>Hubert Schw\u00e4gerl, Johannes Wein, Sebastian Lindner&nbsp;(Kassier), Robert&nbsp;Tri\u00dfl, Thomas Richtmann, Nicole Fischer, Christian Kulzer, Helmut Wildgans, Sebastian Schw\u00e4gerl&nbsp;(1.Kommandant), David Sch\u00f6n&nbsp;(Schriftf\u00fchrer),&nbsp;&nbsp;Florian&nbsp;Kraus,&nbsp;(2.Kommandant)&nbsp;Michael Vollath&nbsp;(Festleiter), Felix Richtmann, Florian Adam&nbsp;(1.Vorstand), Alena Sch\u00f6n, Markus Ziegler, Alfons&nbsp;Glei\u00dfner&nbsp;(2.Vorstand), Michael Schw\u00e4gerl, Alois Bauer.&nbsp;<\/p>\n\n\n\n<hr class=\"wp-block-separator has-alpha-channel-opacity is-style-wide\"\/>\n\n\n\n<p class=\"has-larger-font-size\"><strong>Festprogramm<\/strong><\/p>\n\n\n<div class=\"wp-block-image\">\n<figure class=\"aligncenter size-full\"><a href=\"http:\/\/www.gm-games.de\/BeidlNetV3\/wp-content\/uploads\/2026\/02\/Programm-Liste.jpg\"><img loading=\"lazy\" decoding=\"async\" width=\"572\" height=\"813\" src=\"http:\/\/www.gm-games.de\/BeidlNetV3\/wp-content\/uploads\/2026\/02\/Programm-Liste.jpg\" alt=\"\" class=\"wp-image-4711\" srcset=\"http:\/\/www.gm-games.de\/BeidlNetV3\/wp-content\/uploads\/2026\/02\/Programm-Liste.jpg 572w, http:\/\/www.gm-games.de\/BeidlNetV3\/wp-content\/uploads\/2026\/02\/Programm-Liste-211x300.jpg 211w\" sizes=\"auto, (max-width: 572px) 100vw, 572px\" \/><\/a><\/figure><\/div>\n\n\n<hr class=\"wp-block-separator has-alpha-channel-opacity is-style-wide\"\/>\n\n\n\n<p class=\"has-larger-font-size\"><strong>Aktive Wehr &amp; Jugendfeuerwehr<\/strong><\/p>\n\n\n\nngg_shortcode_0_placeholder\n\n\n\n<hr class=\"wp-block-separator has-alpha-channel-opacity is-style-wide\"\/>\n\n\n\n<div class=\"wp-block-group is-content-justification-space-between is-nowrap is-layout-flex wp-container-core-group-is-layout-0dfbf163 wp-block-group-is-layout-flex\">\n<p class=\"has-larger-font-size\"><strong>Festdamen<\/strong><\/p>\n\n\n\n<ul class=\"wp-block-social-links has-visible-labels is-style-pill-shape is-horizontal is-content-justification-left is-nowrap is-layout-flex wp-container-core-social-links-is-layout-8e8a235c wp-block-social-links-is-layout-flex\"><li class=\"wp-social-link wp-social-link-tiktok  wp-block-social-link\"><a rel=\"noopener nofollow\" target=\"_blank\" href=\"https:\/\/www.tiktok.com\/@festdamen.ffwbeidl.2026\" class=\"wp-block-social-link-anchor\"><svg width=\"24\" height=\"24\" viewBox=\"0 0 32 32\" version=\"1.1\" xmlns=\"http:\/\/www.w3.org\/2000\/svg\" aria-hidden=\"true\" focusable=\"false\"><path d=\"M16.708 0.027c1.745-0.027 3.48-0.011 5.213-0.027 0.105 2.041 0.839 4.12 2.333 5.563 1.491 1.479 3.6 2.156 5.652 2.385v5.369c-1.923-0.063-3.855-0.463-5.6-1.291-0.76-0.344-1.468-0.787-2.161-1.24-0.009 3.896 0.016 7.787-0.025 11.667-0.104 1.864-0.719 3.719-1.803 5.255-1.744 2.557-4.771 4.224-7.88 4.276-1.907 0.109-3.812-0.411-5.437-1.369-2.693-1.588-4.588-4.495-4.864-7.615-0.032-0.667-0.043-1.333-0.016-1.984 0.24-2.537 1.495-4.964 3.443-6.615 2.208-1.923 5.301-2.839 8.197-2.297 0.027 1.975-0.052 3.948-0.052 5.923-1.323-0.428-2.869-0.308-4.025 0.495-0.844 0.547-1.485 1.385-1.819 2.333-0.276 0.676-0.197 1.427-0.181 2.145 0.317 2.188 2.421 4.027 4.667 3.828 1.489-0.016 2.916-0.88 3.692-2.145 0.251-0.443 0.532-0.896 0.547-1.417 0.131-2.385 0.079-4.76 0.095-7.145 0.011-5.375-0.016-10.735 0.025-16.093z\" \/><\/svg><span class=\"wp-block-social-link-label\">TikTok<\/span><\/a><\/li><\/ul>\n<\/div>\n\n\n\n<p class=\"has-normal-font-size\">Lernen Sie die Festdamen Beidl kennen:<\/p>\n\n\n\nngg_shortcode_1_placeholder\n\n\n\n<hr class=\"wp-block-separator has-alpha-channel-opacity is-style-wide\"\/>\n\n\n\n<p class=\"has-larger-font-size\"><strong>Fahnenb\u00e4nder<\/strong><\/p>\n\n\n\nngg_shortcode_2_placeholder\n\n\n\n<hr class=\"wp-block-separator has-alpha-channel-opacity is-style-wide\"\/>\n\n\n\n<p class=\"has-larger-font-size\"><strong>Anmeldungen zu Festz\u00fcgen &amp; Veranstaltungen<\/strong><\/p>\n\n\n\n<p>Zu den Anmeldungen geht es mit dem Klick auf das Bild:<\/p>\n\n\n<div class=\"wp-block-image\">\n<figure class=\"aligncenter size-full\"><a href=\"http:\/\/www.gm-games.de\/BeidlNetV3\/?page_id=4365\"><img loading=\"lazy\" decoding=\"async\" width=\"800\" height=\"533\" src=\"http:\/\/www.gm-games.de\/BeidlNetV3\/wp-content\/uploads\/2026\/01\/ChatGPT-Image-1.-Jan.-2026-21_12_13.jpg\" alt=\"\" class=\"wp-image-4385\" srcset=\"http:\/\/www.gm-games.de\/BeidlNetV3\/wp-content\/uploads\/2026\/01\/ChatGPT-Image-1.-Jan.-2026-21_12_13.jpg 800w, http:\/\/www.gm-games.de\/BeidlNetV3\/wp-content\/uploads\/2026\/01\/ChatGPT-Image-1.-Jan.-2026-21_12_13-300x200.jpg 300w, http:\/\/www.gm-games.de\/BeidlNetV3\/wp-content\/uploads\/2026\/01\/ChatGPT-Image-1.-Jan.-2026-21_12_13-768x512.jpg 768w, http:\/\/www.gm-games.de\/BeidlNetV3\/wp-content\/uploads\/2026\/01\/ChatGPT-Image-1.-Jan.-2026-21_12_13-421x280.jpg 421w\" sizes=\"auto, (max-width: 800px) 100vw, 800px\" \/><\/a><\/figure><\/div>\n\n\n<p class=\"has-larger-font-size\"><strong>Wegbeschreibung Leonhardiritt<\/strong><\/p>\n\n\n\n<figure class=\"wp-block-image size-large\"><a href=\"http:\/\/www.gm-games.de\/BeidlNetV3\/wp-content\/uploads\/2026\/03\/Leonhardirittweg-2-IMG_9233.png\"><img loading=\"lazy\" decoding=\"async\" width=\"1024\" height=\"640\" src=\"http:\/\/www.gm-games.de\/BeidlNetV3\/wp-content\/uploads\/2026\/03\/Leonhardirittweg-2-IMG_9233-1024x640.png\" alt=\"\" class=\"wp-image-4802\" srcset=\"http:\/\/www.gm-games.de\/BeidlNetV3\/wp-content\/uploads\/2026\/03\/Leonhardirittweg-2-IMG_9233-1024x640.png 1024w, http:\/\/www.gm-games.de\/BeidlNetV3\/wp-content\/uploads\/2026\/03\/Leonhardirittweg-2-IMG_9233-300x188.png 300w, http:\/\/www.gm-games.de\/BeidlNetV3\/wp-content\/uploads\/2026\/03\/Leonhardirittweg-2-IMG_9233-768x480.png 768w, http:\/\/www.gm-games.de\/BeidlNetV3\/wp-content\/uploads\/2026\/03\/Leonhardirittweg-2-IMG_9233-421x263.png 421w, http:\/\/www.gm-games.de\/BeidlNetV3\/wp-content\/uploads\/2026\/03\/Leonhardirittweg-2-IMG_9233.png 1132w\" sizes=\"auto, (max-width: 1024px) 100vw, 1024px\" \/><\/a><\/figure>\n","protected":false},"excerpt":{"rendered":"<p>Hier finden Sie wichtige Informationen und Bekanntmachungen zur Jubil\u00e4umsfeier der FFW Beidl. Festausschuss Lernen Sie den Festausschuss der 125-Jahr-Feier der FFW-Beidl kennen: Von links nach &hellip;<\/p>\n","protected":false},"author":7,"featured_media":0,"parent":0,"menu_order":0,"comment_status":"closed","ping_status":"closed","template":"","meta":{"ngg_post_thumbnail":0,"footnotes":""},"class_list":["post-4363","page","type-page","status-publish","hentry"],"_links":{"self":[{"href":"http:\/\/www.gm-games.de\/BeidlNetV3\/index.php?rest_route=\/wp\/v2\/pages\/4363","targetHints":{"allow":["GET"]}}],"collection":[{"href":"http:\/\/www.gm-games.de\/BeidlNetV3\/index.php?rest_route=\/wp\/v2\/pages"}],"about":[{"href":"http:\/\/www.gm-games.de\/BeidlNetV3\/index.php?rest_route=\/wp\/v2\/types\/page"}],"author":[{"embeddable":true,"href":"http:\/\/www.gm-games.de\/BeidlNetV3\/index.php?rest_route=\/wp\/v2\/users\/7"}],"replies":[{"embeddable":true,"href":"http:\/\/www.gm-games.de\/BeidlNetV3\/index.php?rest_route=%2Fwp%2Fv2%2Fcomments&post=4363"}],"version-history":[{"count":24,"href":"http:\/\/www.gm-games.de\/BeidlNetV3\/index.php?rest_route=\/wp\/v2\/pages\/4363\/revisions"}],"predecessor-version":[{"id":4809,"href":"http:\/\/www.gm-games.de\/BeidlNetV3\/index.php?rest_route=\/wp\/v2\/pages\/4363\/revisions\/4809"}],"wp:attachment":[{"href":"http:\/\/www.gm-games.de\/BeidlNetV3\/index.php?rest_route=%2Fwp%2Fv2%2Fmedia&parent=4363"}],"curies":[{"name":"wp","href":"https:\/\/api.w.org\/{rel}","templated":true}]}}