{"id":4365,"date":"2025-12-30T21:28:41","date_gmt":"2025-12-30T20:28:41","guid":{"rendered":"http:\/\/www.gm-games.de\/BeidlNetV3\/?page_id=4365"},"modified":"2026-01-20T21:58:03","modified_gmt":"2026-01-20T20:58:03","slug":"125-jahre-ffw-beidl-anmeldungen","status":"publish","type":"page","link":"http:\/\/www.gm-games.de\/BeidlNetV3\/?page_id=4365","title":{"rendered":"125 Jahre FFW Beidl: Anmeldungen"},"content":{"rendered":"\n<p><strong>Hier k\u00f6nnen Sie sich f\u00fcr die geplanten Festz\u00fcge &amp; Veranstaltungen zur Feier des Jubil\u00e4ums der FFW Beidl anmelden.<\/strong> <strong>Klicken Sie einfach nur auf eines der Bilder.<\/strong><\/p>\n\n\n\n<figure class=\"wp-block-gallery has-nested-images columns-default is-cropped wp-block-gallery-1 is-layout-flex wp-block-gallery-is-layout-flex\">\n<figure class=\"wp-block-image size-large\"><a href=\"http:\/\/www.gm-games.de\/BeidlNetV3\/?page_id=4496\"><img loading=\"lazy\" decoding=\"async\" width=\"800\" height=\"533\" data-id=\"4498\" src=\"http:\/\/www.gm-games.de\/BeidlNetV3\/wp-content\/uploads\/2026\/01\/ChatGPT-Image-20.-Jan.-2026-21_53_27.jpg\" alt=\"\" class=\"wp-image-4498\" srcset=\"http:\/\/www.gm-games.de\/BeidlNetV3\/wp-content\/uploads\/2026\/01\/ChatGPT-Image-20.-Jan.-2026-21_53_27.jpg 800w, http:\/\/www.gm-games.de\/BeidlNetV3\/wp-content\/uploads\/2026\/01\/ChatGPT-Image-20.-Jan.-2026-21_53_27-300x200.jpg 300w, http:\/\/www.gm-games.de\/BeidlNetV3\/wp-content\/uploads\/2026\/01\/ChatGPT-Image-20.-Jan.-2026-21_53_27-768x512.jpg 768w, http:\/\/www.gm-games.de\/BeidlNetV3\/wp-content\/uploads\/2026\/01\/ChatGPT-Image-20.-Jan.-2026-21_53_27-421x280.jpg 421w\" sizes=\"auto, (max-width: 800px) 100vw, 800px\" \/><\/a><\/figure>\n\n\n\n<figure class=\"wp-block-image size-large\"><a href=\"http:\/\/www.gm-games.de\/BeidlNetV3\/?page_id=4412\"><img loading=\"lazy\" decoding=\"async\" width=\"800\" height=\"533\" data-id=\"4414\" src=\"http:\/\/www.gm-games.de\/BeidlNetV3\/wp-content\/uploads\/2026\/01\/ChatGPT-Image-3.-Jan.-2026-22_10_14.jpg\" alt=\"\" class=\"wp-image-4414\" srcset=\"http:\/\/www.gm-games.de\/BeidlNetV3\/wp-content\/uploads\/2026\/01\/ChatGPT-Image-3.-Jan.-2026-22_10_14.jpg 800w, http:\/\/www.gm-games.de\/BeidlNetV3\/wp-content\/uploads\/2026\/01\/ChatGPT-Image-3.-Jan.-2026-22_10_14-300x200.jpg 300w, http:\/\/www.gm-games.de\/BeidlNetV3\/wp-content\/uploads\/2026\/01\/ChatGPT-Image-3.-Jan.-2026-22_10_14-768x512.jpg 768w, http:\/\/www.gm-games.de\/BeidlNetV3\/wp-content\/uploads\/2026\/01\/ChatGPT-Image-3.-Jan.-2026-22_10_14-421x280.jpg 421w\" sizes=\"auto, (max-width: 800px) 100vw, 800px\" \/><\/a><\/figure>\n<\/figure>\n\n\n\n<div style=\"height:5px\" aria-hidden=\"true\" class=\"wp-block-spacer\"><\/div>\n\n\n\n<figure class=\"wp-block-gallery has-nested-images columns-default is-cropped wp-block-gallery-2 is-layout-flex wp-block-gallery-is-layout-flex\">\n<figure class=\"wp-block-image size-large\"><a href=\"http:\/\/www.gm-games.de\/BeidlNetV3\/?page_id=4484\"><img loading=\"lazy\" decoding=\"async\" width=\"800\" height=\"533\" data-id=\"4500\" src=\"http:\/\/www.gm-games.de\/BeidlNetV3\/wp-content\/uploads\/2026\/01\/ChatGPT-Image-20.-Jan.-2026-21_36_26.jpg\" alt=\"\" class=\"wp-image-4500\" srcset=\"http:\/\/www.gm-games.de\/BeidlNetV3\/wp-content\/uploads\/2026\/01\/ChatGPT-Image-20.-Jan.-2026-21_36_26.jpg 800w, http:\/\/www.gm-games.de\/BeidlNetV3\/wp-content\/uploads\/2026\/01\/ChatGPT-Image-20.-Jan.-2026-21_36_26-300x200.jpg 300w, http:\/\/www.gm-games.de\/BeidlNetV3\/wp-content\/uploads\/2026\/01\/ChatGPT-Image-20.-Jan.-2026-21_36_26-768x512.jpg 768w, http:\/\/www.gm-games.de\/BeidlNetV3\/wp-content\/uploads\/2026\/01\/ChatGPT-Image-20.-Jan.-2026-21_36_26-421x280.jpg 421w\" sizes=\"auto, (max-width: 800px) 100vw, 800px\" \/><\/a><\/figure>\n\n\n\n<figure class=\"wp-block-image size-large\"><a href=\"http:\/\/www.gm-games.de\/BeidlNetV3\/?page_id=4494\"><img loading=\"lazy\" decoding=\"async\" width=\"800\" height=\"533\" data-id=\"4501\" src=\"http:\/\/www.gm-games.de\/BeidlNetV3\/wp-content\/uploads\/2026\/01\/ChatGPT-Image-20.-Jan.-2026-21_53_56.jpg\" alt=\"\" class=\"wp-image-4501\" srcset=\"http:\/\/www.gm-games.de\/BeidlNetV3\/wp-content\/uploads\/2026\/01\/ChatGPT-Image-20.-Jan.-2026-21_53_56.jpg 800w, http:\/\/www.gm-games.de\/BeidlNetV3\/wp-content\/uploads\/2026\/01\/ChatGPT-Image-20.-Jan.-2026-21_53_56-300x200.jpg 300w, http:\/\/www.gm-games.de\/BeidlNetV3\/wp-content\/uploads\/2026\/01\/ChatGPT-Image-20.-Jan.-2026-21_53_56-768x512.jpg 768w, http:\/\/www.gm-games.de\/BeidlNetV3\/wp-content\/uploads\/2026\/01\/ChatGPT-Image-20.-Jan.-2026-21_53_56-421x280.jpg 421w\" sizes=\"auto, (max-width: 800px) 100vw, 800px\" \/><\/a><\/figure>\n<\/figure>\n\n\n\n<p><\/p>\n","protected":false},"excerpt":{"rendered":"<p>Hier k\u00f6nnen Sie sich f\u00fcr die geplanten Festz\u00fcge &amp; Veranstaltungen zur Feier des Jubil\u00e4ums der FFW Beidl anmelden. Klicken Sie einfach nur auf eines der &hellip;<\/p>\n","protected":false},"author":7,"featured_media":0,"parent":0,"menu_order":0,"comment_status":"closed","ping_status":"closed","template":"","meta":{"ngg_post_thumbnail":0,"footnotes":""},"class_list":["post-4365","page","type-page","status-publish","hentry"],"_links":{"self":[{"href":"http:\/\/www.gm-games.de\/BeidlNetV3\/index.php?rest_route=\/wp\/v2\/pages\/4365","targetHints":{"allow":["GET"]}}],"collection":[{"href":"http:\/\/www.gm-games.de\/BeidlNetV3\/index.php?rest_route=\/wp\/v2\/pages"}],"about":[{"href":"http:\/\/www.gm-games.de\/BeidlNetV3\/index.php?rest_route=\/wp\/v2\/types\/page"}],"author":[{"embeddable":true,"href":"http:\/\/www.gm-games.de\/BeidlNetV3\/index.php?rest_route=\/wp\/v2\/users\/7"}],"replies":[{"embeddable":true,"href":"http:\/\/www.gm-games.de\/BeidlNetV3\/index.php?rest_route=%2Fwp%2Fv2%2Fcomments&post=4365"}],"version-history":[{"count":5,"href":"http:\/\/www.gm-games.de\/BeidlNetV3\/index.php?rest_route=\/wp\/v2\/pages\/4365\/revisions"}],"predecessor-version":[{"id":4504,"href":"http:\/\/www.gm-games.de\/BeidlNetV3\/index.php?rest_route=\/wp\/v2\/pages\/4365\/revisions\/4504"}],"wp:attachment":[{"href":"http:\/\/www.gm-games.de\/BeidlNetV3\/index.php?rest_route=%2Fwp%2Fv2%2Fmedia&parent=4365"}],"curies":[{"name":"wp","href":"https:\/\/api.w.org\/{rel}","templated":true}]}}