{"id":4412,"date":"2026-01-03T22:03:07","date_gmt":"2026-01-03T21:03:07","guid":{"rendered":"http:\/\/www.gm-games.de\/BeidlNetV3\/?page_id=4412"},"modified":"2026-03-21T21:40:54","modified_gmt":"2026-03-21T20:40:54","slug":"125-jahre-ffw-beidl-anmeldung-zum-leonhardiritt","status":"publish","type":"page","link":"http:\/\/www.gm-games.de\/BeidlNetV3\/?page_id=4412","title":{"rendered":"125 Jahre FFW Beidl: Anmeldung zum Leonhardiritt"},"content":{"rendered":"\n<div class=\"wp-block-group is-nowrap is-layout-flex wp-container-core-group-is-layout-ad2f72ca wp-block-group-is-layout-flex\">\n<p>Pfingstmontag, 25. Mai 2026<br>Anreise ab 8:00 Uhr<br>Festgottesdient 9:00 Uhr inkl. Pferdesegnung<br>\u200banschlie\u00dfend Leonhardiritt durch die Fluren von Beidl mit Festw\u00e4gen und Kutschen. <br>Der Umrittweg ist knapp 4 Kilometer lang. <br>Festbetrieb mit der Blaskapelle&nbsp;Gro\u00dfkonreuth&nbsp;<\/p>\n\n\n\n<figure class=\"wp-block-image size-large\"><a href=\"http:\/\/www.gm-games.de\/BeidlNetV3\/wp-content\/uploads\/2026\/03\/Leonhardirittweg-2-IMG_9233.png\"><img loading=\"lazy\" decoding=\"async\" width=\"1024\" height=\"640\" src=\"http:\/\/www.gm-games.de\/BeidlNetV3\/wp-content\/uploads\/2026\/03\/Leonhardirittweg-2-IMG_9233-1024x640.png\" alt=\"\" class=\"wp-image-4802\" style=\"aspect-ratio:4\/3;object-fit:contain\" srcset=\"http:\/\/www.gm-games.de\/BeidlNetV3\/wp-content\/uploads\/2026\/03\/Leonhardirittweg-2-IMG_9233-1024x640.png 1024w, http:\/\/www.gm-games.de\/BeidlNetV3\/wp-content\/uploads\/2026\/03\/Leonhardirittweg-2-IMG_9233-300x188.png 300w, http:\/\/www.gm-games.de\/BeidlNetV3\/wp-content\/uploads\/2026\/03\/Leonhardirittweg-2-IMG_9233-768x480.png 768w, http:\/\/www.gm-games.de\/BeidlNetV3\/wp-content\/uploads\/2026\/03\/Leonhardirittweg-2-IMG_9233-421x263.png 421w, http:\/\/www.gm-games.de\/BeidlNetV3\/wp-content\/uploads\/2026\/03\/Leonhardirittweg-2-IMG_9233.png 1132w\" sizes=\"auto, (max-width: 1024px) 100vw, 1024px\" \/><\/a><\/figure>\n<\/div>\n\n\n\n<div style=\"height:46px\" aria-hidden=\"true\" class=\"wp-block-spacer\"><\/div>\n\n\n\n<p><strong>Ich \/ Wir melden uns hiermit zum&nbsp;Leonhardiritt&nbsp;in Beidl an:<\/strong>&nbsp;<\/p>\n\n\n<div class=\"wpforms-container wpforms-container-full wpforms-block wpforms-block-291e8453-ed75-4c2a-ab78-ae21e83c409c wpforms-render-modern\" id=\"wpforms-4396\"><form id=\"wpforms-form-4396\" class=\"wpforms-validate wpforms-form wpforms-ajax-form\" data-formid=\"4396\" method=\"post\" enctype=\"multipart\/form-data\" action=\"\/BeidlNetV3\/index.php?rest_route=%2Fwp%2Fv2%2Fpages%2F4412\" data-token=\"e4df9df5df24ed5083adc704ba687e0c\" data-token-time=\"1777599469\"><noscript class=\"wpforms-error-noscript\">Bitte aktiviere JavaScript in deinem Browser, um dieses Formular fertigzustellen.<\/noscript><div id=\"wpforms-error-noscript\" style=\"display: none;\">Bitte aktiviere JavaScript in deinem Browser, um dieses Formular fertigzustellen.<\/div><div class=\"wpforms-field-container\"><div id=\"wpforms-4396-field_1-container\" class=\"wpforms-field wpforms-field-name\" data-field-id=\"1\"><fieldset><legend class=\"wpforms-field-label\">Name <span class=\"wpforms-required-label\" aria-hidden=\"true\">*<\/span><\/legend><div class=\"wpforms-field-row wpforms-field-medium\"><div class=\"wpforms-field-row-block wpforms-first wpforms-one-half\"><input type=\"text\" id=\"wpforms-4396-field_1\" class=\"wpforms-field-name-first wpforms-field-required\" name=\"wpforms[fields][1][first]\" aria-errormessage=\"wpforms-4396-field_1-error\" required><label for=\"wpforms-4396-field_1\" class=\"wpforms-field-sublabel after\">Vorname<\/label><\/div><div class=\"wpforms-field-row-block wpforms-one-half\"><input type=\"text\" id=\"wpforms-4396-field_1-last\" class=\"wpforms-field-name-last wpforms-field-required\" name=\"wpforms[fields][1][last]\" aria-errormessage=\"wpforms-4396-field_1-last-error\" required><label for=\"wpforms-4396-field_1-last\" class=\"wpforms-field-sublabel after\">Nachname<\/label><\/div><\/div><\/fieldset><\/div><div id=\"wpforms-4396-field_6-container\" class=\"wpforms-field wpforms-field-text\" data-field-id=\"6\"><label class=\"wpforms-field-label\" for=\"wpforms-4396-field_6\">Stra\u00dfe<\/label><input type=\"text\" id=\"wpforms-4396-field_6\" class=\"wpforms-field-medium\" name=\"wpforms[fields][6]\" aria-errormessage=\"wpforms-4396-field_6-error\" ><\/div><div id=\"wpforms-4396-field_15-container\" class=\"wpforms-field wpforms-field-text\" data-field-id=\"15\"><label class=\"wpforms-field-label\" for=\"wpforms-4396-field_15\">Hausnummer<\/label><input type=\"text\" id=\"wpforms-4396-field_15\" class=\"wpforms-field-small\" name=\"wpforms[fields][15]\" aria-errormessage=\"wpforms-4396-field_15-error\" ><\/div><div id=\"wpforms-4396-field_7-container\" class=\"wpforms-field wpforms-field-text\" data-field-id=\"7\"><label class=\"wpforms-field-label\" for=\"wpforms-4396-field_7\">PLZ<\/label><input type=\"text\" id=\"wpforms-4396-field_7\" class=\"wpforms-field-small wpforms-masked-input\" data-rule-inputmask-incomplete=\"1\" data-inputmask-mask=\"99999\" name=\"wpforms[fields][7]\" aria-errormessage=\"wpforms-4396-field_7-error\" ><\/div><div id=\"wpforms-4396-field_10-container\" class=\"wpforms-field wpforms-field-text\" data-field-id=\"10\"><label class=\"wpforms-field-label\" for=\"wpforms-4396-field_10\">Ort<\/label><input type=\"text\" id=\"wpforms-4396-field_10\" class=\"wpforms-field-medium\" name=\"wpforms[fields][10]\" aria-errormessage=\"wpforms-4396-field_10-error\" ><\/div><div id=\"wpforms-4396-field_2-container\" class=\"wpforms-field wpforms-field-email\" data-field-id=\"2\"><fieldset><legend class=\"wpforms-field-label\">E-Mail-Adresse <span class=\"wpforms-required-label\" aria-hidden=\"true\">*<\/span><\/legend><div class=\"wpforms-field-row wpforms-field-medium\"><div class=\"wpforms-field-row-block wpforms-one-half wpforms-first\"><input type=\"email\" id=\"wpforms-4396-field_2\" class=\"wpforms-field-required wpforms-field-email-primary\" name=\"wpforms[fields][2][primary]\" spellcheck=\"false\" aria-errormessage=\"wpforms-4396-field_2-error\" required><label for=\"wpforms-4396-field_2\" class=\"wpforms-field-sublabel after\">E-Mail-Adresse<\/label><\/div><div class=\"wpforms-field-row-block wpforms-one-half\"><input type=\"email\" id=\"wpforms-4396-field_2-secondary\" class=\"wpforms-field-email-secondary wpforms-field-required\" data-rule-confirm=\"#wpforms-4396-field_2\" name=\"wpforms[fields][2][secondary]\" spellcheck=\"false\" aria-errormessage=\"wpforms-4396-field_2-secondary-error\" required><label for=\"wpforms-4396-field_2-secondary\" class=\"wpforms-field-sublabel after\">E-Mail best\u00e4tigen<\/label><\/div><\/div><\/fieldset><\/div><div id=\"wpforms-4396-field_5-container\" class=\"wpforms-field wpforms-field-text\" data-field-id=\"5\"><label class=\"wpforms-field-label\" for=\"wpforms-4396-field_5\">Telefonnummer <span class=\"wpforms-required-label\" aria-hidden=\"true\">*<\/span><\/label><input type=\"text\" id=\"wpforms-4396-field_5\" class=\"wpforms-field-medium wpforms-field-required\" name=\"wpforms[fields][5]\" aria-errormessage=\"wpforms-4396-field_5-error\" required><\/div><div id=\"wpforms-4396-field_13-container\" class=\"wpforms-field wpforms-field-number-slider\" data-field-id=\"13\"><label class=\"wpforms-field-label\" for=\"wpforms-4396-field_13\">Wir kommen mit Pferden<\/label>\n<input\n\ttype=\"range\"\n\tid=\"wpforms-4396-field_13\" class=\"wpforms-field-medium\" name=\"wpforms[fields][13]\" value=\"1\" aria-errormessage=\"wpforms-4396-field_13-error\"\t\tmin=\"0\"\n\tmax=\"10\"\n\tstep=\"1\">\n\n<div class=\"wpforms-field-number-slider-hint\"\n\tdata-hint=\"Gew\u00e4hlter Wert: {value}\">\n\tGew\u00e4hlter Wert: <b>1<\/b><\/div>\n<\/div><div id=\"wpforms-4396-field_14-container\" class=\"wpforms-field wpforms-field-number-slider\" data-field-id=\"14\"><label class=\"wpforms-field-label\" for=\"wpforms-4396-field_14\">Wir kommen mit Kutschen\/Gespanne<\/label>\n<input\n\ttype=\"range\"\n\tid=\"wpforms-4396-field_14\" class=\"wpforms-field-medium\" name=\"wpforms[fields][14]\" value=\"1\" aria-errormessage=\"wpforms-4396-field_14-error\"\t\tmin=\"0\"\n\tmax=\"10\"\n\tstep=\"1\">\n\n<div class=\"wpforms-field-number-slider-hint\"\n\tdata-hint=\"Gew\u00e4hlter Wert: {value}\">\n\tGew\u00e4hlter Wert: <b>1<\/b><\/div>\n<\/div>\t\t<div id=\"wpforms-4396-field_4-container\"\n\t\t\tclass=\"wpforms-field wpforms-field-text\"\n\t\t\tdata-field-type=\"text\"\n\t\t\tdata-field-id=\"4\"\n\t\t\t>\n\t\t\t<label class=\"wpforms-field-label\" for=\"wpforms-4396-field_4\" >Wir Kutschen\/Gespanne Ort<\/label>\n\t\t\t<input type=\"text\" id=\"wpforms-4396-field_4\" class=\"wpforms-field-medium\" name=\"wpforms[fields][4]\" >\n\t\t<\/div>\n\t\t<div id=\"wpforms-4396-field_3-container\" class=\"wpforms-field wpforms-field-textarea\" data-field-id=\"3\"><label class=\"wpforms-field-label\" for=\"wpforms-4396-field_3\">Kommentar oder Nachricht (optional)<\/label><textarea id=\"wpforms-4396-field_3\" class=\"wpforms-field-medium\" name=\"wpforms[fields][3]\" aria-errormessage=\"wpforms-4396-field_3-error\" ><\/textarea><\/div><script>\n\t\t\t\t( function() {\n\t\t\t\t\tconst style = document.createElement( 'style' );\n\t\t\t\t\tstyle.appendChild( document.createTextNode( '#wpforms-4396-field_4-container { position: absolute !important; overflow: hidden !important; display: inline !important; height: 1px !important; width: 1px !important; z-index: -1000 !important; padding: 0 !important; } #wpforms-4396-field_4-container input { visibility: hidden; } #wpforms-conversational-form-page #wpforms-4396-field_4-container label { counter-increment: none; }' ) );\n\t\t\t\t\tdocument.head.appendChild( style );\n\t\t\t\t\tdocument.currentScript?.remove();\n\t\t\t\t} )();\n\t\t\t<\/script><\/div><!-- .wpforms-field-container --><div class=\"wpforms-submit-container\" ><input type=\"hidden\" name=\"wpforms[id]\" value=\"4396\"><input type=\"hidden\" name=\"page_title\" value=\"\"><input type=\"hidden\" name=\"page_url\" value=\"http:\/\/www.gm-games.de\/BeidlNetV3\/index.php?rest_route=\/wp\/v2\/pages\/4412\"><input type=\"hidden\" name=\"url_referer\" value=\"\"><button type=\"submit\" name=\"wpforms[submit]\" id=\"wpforms-submit-4396\" class=\"wpforms-submit\" data-alt-text=\"Wird gesendet\u00a0\u2026\" data-submit-text=\"Anmelden\" aria-live=\"assertive\" value=\"wpforms-submit\">Anmelden<\/button><img loading=\"lazy\" decoding=\"async\" src=\"http:\/\/www.gm-games.de\/BeidlNetV3\/wp-content\/plugins\/wpforms-lite\/assets\/images\/submit-spin.svg\" class=\"wpforms-submit-spinner\" style=\"display: none;\" width=\"26\" height=\"26\" alt=\"Wird geladen\"><\/div><\/form><\/div>  <!-- .wpforms-container -->","protected":false},"excerpt":{"rendered":"<p>Pfingstmontag, 25. Mai 2026Anreise ab 8:00 UhrFestgottesdient 9:00 Uhr inkl. Pferdesegnung\u200banschlie\u00dfend Leonhardiritt durch die Fluren von Beidl mit Festw\u00e4gen und Kutschen. Der Umrittweg ist knapp &hellip;<\/p>\n","protected":false},"author":7,"featured_media":0,"parent":0,"menu_order":0,"comment_status":"closed","ping_status":"closed","template":"","meta":{"ngg_post_thumbnail":0,"footnotes":""},"class_list":["post-4412","page","type-page","status-publish","hentry"],"_links":{"self":[{"href":"http:\/\/www.gm-games.de\/BeidlNetV3\/index.php?rest_route=\/wp\/v2\/pages\/4412","targetHints":{"allow":["GET"]}}],"collection":[{"href":"http:\/\/www.gm-games.de\/BeidlNetV3\/index.php?rest_route=\/wp\/v2\/pages"}],"about":[{"href":"http:\/\/www.gm-games.de\/BeidlNetV3\/index.php?rest_route=\/wp\/v2\/types\/page"}],"author":[{"embeddable":true,"href":"http:\/\/www.gm-games.de\/BeidlNetV3\/index.php?rest_route=\/wp\/v2\/users\/7"}],"replies":[{"embeddable":true,"href":"http:\/\/www.gm-games.de\/BeidlNetV3\/index.php?rest_route=%2Fwp%2Fv2%2Fcomments&post=4412"}],"version-history":[{"count":5,"href":"http:\/\/www.gm-games.de\/BeidlNetV3\/index.php?rest_route=\/wp\/v2\/pages\/4412\/revisions"}],"predecessor-version":[{"id":4803,"href":"http:\/\/www.gm-games.de\/BeidlNetV3\/index.php?rest_route=\/wp\/v2\/pages\/4412\/revisions\/4803"}],"wp:attachment":[{"href":"http:\/\/www.gm-games.de\/BeidlNetV3\/index.php?rest_route=%2Fwp%2Fv2%2Fmedia&parent=4412"}],"curies":[{"name":"wp","href":"https:\/\/api.w.org\/{rel}","templated":true}]}}